{"id":23,"date":"2021-03-02T11:22:12","date_gmt":"2021-03-02T11:22:12","guid":{"rendered":"https:\/\/www.fvg-reinheim.de\/?page_id=23"},"modified":"2024-01-10T08:43:10","modified_gmt":"2024-01-10T08:43:10","slug":"forschungsgemeinschaft-fur-verkehrsgeschichte-e-v-reinheim","status":"publish","type":"page","link":"https:\/\/www.fvg-reinheim.de\/","title":{"rendered":"Forschungsgemeinschaft f\u00fcr Verkehrsgeschichte e.V., Reinheim"},"content":{"rendered":"\n<div class=\"wp-block-group alignwide has-nv-site-bg-background-color has-background\"><div class=\"wp-block-group__inner-container is-layout-flow wp-block-group-is-layout-flow\">\n<h4 id=\"wp-block-themeisle-blocks-advanced-heading-3302dedf\" class=\"wp-block-themeisle-blocks-advanced-heading wp-block-themeisle-blocks-advanced-heading-3302dedf\">Was wollen wir?<\/h4>\n\n\n\n<p>Die Idee zur Gr\u00fcndung der Forschungsgemeinschaft f\u00fcr Verkehrsgeschichte entstand im Kreis der Wagenfreunde, einem von Wolfgang Diener (\u2020) initiierten, informellen Zusammenschluss von Eisenbahnfreunden, deren Interessenschwerpunkt bei den Wagen liegt. \u00c4ltere &#8220;Mitglieder&#8221; waren auf der Suche nach einer M\u00f6glichkeit, ihre in vielen Jahren aufgebauten Sammlungen aus Akten, Zeichnungen, Fachliteratur, Fotos und anderen Dokumenten dauerhaft erhalten zu k\u00f6nnen und zuk\u00fcnftig f\u00fcr andere Interessierte zug\u00e4nglich zu machen. Sie gingen davon aus, dass auch andere Eisenbahnfreunde in derselben Situation sind.<\/p>\n\n\n\n<p>Nach ihrer Erfahrung k\u00f6nnen die (potentiellen) Erben aufgrund anders gelagerter Interessen mit solchen Sammlungen h\u00e4ufig nichts anfangen und auch deren ideellen Wert nicht ermessen. Oder aber gerade letzteres, was dazu f\u00fchrt, da\u00df eine Sammlung zerrissen und in alle Winde zerstreut wird.<\/p>\n\n\n\n<p>Aus der Idee wurde Realit\u00e4t: 2004 wurde die Forschungsgemeinschaft f\u00fcr Verkehrsgeschichte e.V. (FVG) in Reinheim gegr\u00fcndet. Die Aufgabe der FVG besteht darin, die Archiv-Infrastruktur aufzubauen und aufrechtzuerhalten, um die \u00dcbernahme, Bewahrung und Zug\u00e4nglichmachung verkehrsgeschichtlicher Sammlungen zu erm\u00f6glichen. Dies ist erfolgt und zwischenzeitlich konnten bereits einige Sammlungen gesichert werden. Dabei liegt der Schwerpunkt bisher auf eisenbahn- und bahnpostgeschichtlichen Sammlungen.<\/p>\n\n\n\n<p>Die FVG kann unabh\u00e4ngig von einer Mitgliedschaft als Nachla\u00dfempf\u00e4ngerin benannt werden, Aber nat\u00fcrlich k\u00f6nnen auch Institutionen, wie Bahnunternehmen, Verkehrsgesellschaften, Firmen usw. Unterlagen nach Ablauf der Aufbewahrungsfrist, der FVG \u00fcbergeben.<\/p>\n\n\n\n<section id=\"wp-block-themeisle-blocks-advanced-columns-38aa97a5\" class=\"wp-block-themeisle-blocks-advanced-columns alignfull has-2-columns has-desktop-equal-layout has-tablet-equal-layout has-mobile-collapsedRows-layout has-vertical-center has-light-bg\"><div class=\"wp-block-themeisle-blocks-advanced-columns-overlay\"><\/div><div class=\"innerblocks-wrap\">\n<div id=\"wp-block-themeisle-blocks-advanced-column-10237913\" class=\"wp-block-themeisle-blocks-advanced-column\">\n<h1 id=\"wp-block-themeisle-blocks-advanced-heading-f489fbdb\" class=\"wp-block-themeisle-blocks-advanced-heading wp-block-themeisle-blocks-advanced-heading-f489fbdb\">Wer sind wir?<\/h1>\n\n\n\n<div style=\"height:20px\" aria-hidden=\"true\" class=\"wp-block-spacer\"><\/div>\n\n\n\n<p>In der FVG haben sich Eisenbahnfreunde aus ganz Deutschland zusammengefunden, um die Arbeiten zu erledigen, die rund um ein Archiv anfallen. Es werden aber auch Exkursionen (z.B. zur InnoTrans) und gemeinsame Archivbesuche (z.B. Bundesarchiv, Berlin) organisiert.<\/p>\n\n\n\n<p>Die konservatorische und Arbeit erfolgt zur Zeit noch vor Ort. Die soll zuk\u00fcnftig soweit m\u00f6glich dezentral elektronisch erfolgen, damit in dem \u00fcberregional organisierten Verein auch die nicht in Reinheim und Umgebung ans\u00e4ssigen Vereinsmitglieder aktiv mitarbeiten k\u00f6nnen.<\/p>\n<\/div>\n\n\n\n<div id=\"wp-block-themeisle-blocks-advanced-column-c6594a5f\" class=\"wp-block-themeisle-blocks-advanced-column\">\n<figure class=\"wp-block-image size-large\"><img loading=\"lazy\" decoding=\"async\" width=\"1024\" height=\"674\" src=\"https:\/\/www.fvg-reinheim.de\/wp-content\/uploads\/2021\/03\/3-93-658-1024x674.jpg\" alt=\"Dampflokomotive mit Wagons\" class=\"wp-image-167\" srcset=\"https:\/\/www.fvg-reinheim.de\/wp-content\/uploads\/2021\/03\/3-93-658-1024x674.jpg 1024w, https:\/\/www.fvg-reinheim.de\/wp-content\/uploads\/2021\/03\/3-93-658-300x197.jpg 300w, https:\/\/www.fvg-reinheim.de\/wp-content\/uploads\/2021\/03\/3-93-658-768x505.jpg 768w, https:\/\/www.fvg-reinheim.de\/wp-content\/uploads\/2021\/03\/3-93-658.jpg 1286w\" sizes=\"auto, (max-width: 1024px) 100vw, 1024px\" \/><\/figure>\n<\/div>\n<\/div><\/section>\n\n\n\n<div style=\"height:100px\" aria-hidden=\"true\" class=\"wp-block-spacer\"><\/div>\n\n\n\n<h4 id=\"wp-block-themeisle-blocks-advanced-heading-b4d30a0f\" class=\"wp-block-themeisle-blocks-advanced-heading wp-block-themeisle-blocks-advanced-heading-b4d30a0f\"><strong>Was bietet das Archiv?<\/strong><\/h4>\n\n\n\n<div class=\"wp-block-columns is-layout-flex wp-container-core-columns-is-layout-9d6595d7 wp-block-columns-is-layout-flex\">\n<div class=\"wp-block-column is-layout-flow wp-block-column-is-layout-flow\">\n<h4 id=\"wp-block-themeisle-blocks-advanced-heading-d96fd909\" class=\"wp-block-themeisle-blocks-advanced-heading wp-block-themeisle-blocks-advanced-heading-d96fd909\">Die Sammlung umfasst alle Arten von Dokumenten<\/h4>\n\n\n\n<ul class=\"wp-block-list\">\n<li>Pl\u00e4ne, Zeichnungen, Skizzen<\/li>\n\n\n\n<li>Karten, Fahrplanunterlagen<\/li>\n\n\n\n<li>Dias, Negative, Abz\u00fcge<\/li>\n\n\n\n<li>Dienstvorschriften<\/li>\n\n\n\n<li>Akten<\/li>\n\n\n\n<li>Zeitschriften, B\u00fccher<\/li>\n<\/ul>\n\n\n\n<figure class=\"wp-block-image size-large\"><img loading=\"lazy\" decoding=\"async\" width=\"1024\" height=\"721\" src=\"https:\/\/www.fvg-reinheim.de\/wp-content\/uploads\/2021\/03\/5-Darmstadt-Hbf-1024x721.jpg\" alt=\"Darmstadt Hauptbahnhof historisches Bild\" class=\"wp-image-165\" srcset=\"https:\/\/www.fvg-reinheim.de\/wp-content\/uploads\/2021\/03\/5-Darmstadt-Hbf-1024x721.jpg 1024w, https:\/\/www.fvg-reinheim.de\/wp-content\/uploads\/2021\/03\/5-Darmstadt-Hbf-300x211.jpg 300w, https:\/\/www.fvg-reinheim.de\/wp-content\/uploads\/2021\/03\/5-Darmstadt-Hbf-768x540.jpg 768w, https:\/\/www.fvg-reinheim.de\/wp-content\/uploads\/2021\/03\/5-Darmstadt-Hbf.jpg 1316w\" sizes=\"auto, (max-width: 1024px) 100vw, 1024px\" \/><\/figure>\n<\/div>\n\n\n\n<div class=\"wp-block-column is-layout-flow wp-block-column-is-layout-flow\">\n<h4 id=\"wp-block-themeisle-blocks-advanced-heading-91412e61\" class=\"wp-block-themeisle-blocks-advanced-heading wp-block-themeisle-blocks-advanced-heading-91412e61\">Zu allen Bereichen des Bahnbetriebs<\/h4>\n\n\n\n<ul class=\"wp-block-list\">\n<li>Fahrzeuge\n<ul class=\"wp-block-list\">\n<li>Triebfahrzeuge<\/li>\n\n\n\n<li>Wagen<\/li>\n\n\n\n<li>Technik<\/li>\n\n\n\n<li>Unterhaltung<\/li>\n\n\n\n<li>Beschaffung<\/li>\n<\/ul>\n<\/li>\n\n\n\n<li>Infrastruktur\n<ul class=\"wp-block-list\">\n<li>Gleisbau und -unterhaltung<\/li>\n\n\n\n<li>Sicherungsanlagen<\/li>\n\n\n\n<li>Hochbau (Geb\u00e4ude)<\/li>\n\n\n\n<li>Ingenieurbau (Br\u00fccken)<\/li>\n<\/ul>\n<\/li>\n\n\n\n<li>Streckennetz<\/li>\n\n\n\n<li>Verwaltung<\/li>\n\n\n\n<li>Recht<\/li>\n<\/ul>\n<\/div>\n\n\n\n<div class=\"wp-block-column is-layout-flow wp-block-column-is-layout-flow\">\n<h4 id=\"wp-block-themeisle-blocks-advanced-heading-9c71ed62\" class=\"wp-block-themeisle-blocks-advanced-heading wp-block-themeisle-blocks-advanced-heading-9c71ed62\">aber auch zu anderen Verkehrstr\u00e4gern<\/h4>\n\n\n\n<ul class=\"wp-block-list\">\n<li>Postwesen<\/li>\n\n\n\n<li>Schiffahrt<\/li>\n\n\n\n<li>Stra\u00dfenverkehr<\/li>\n\n\n\n<li>Luftverkehr<\/li>\n\n\n\n<li>Fahrzeuge<\/li>\n<\/ul>\n\n\n\n<h4 id=\"wp-block-themeisle-blocks-advanced-heading-af10ee00\" class=\"wp-block-themeisle-blocks-advanced-heading wp-block-themeisle-blocks-advanced-heading-af10ee00\"><br>sowie Architektur und industriellen Themen.<\/h4>\n\n\n\n<p><\/p>\n<\/div>\n<\/div>\n\n\n\n<div style=\"height:100px\" aria-hidden=\"true\" class=\"wp-block-spacer\"><\/div>\n\n\n\n<section id=\"wp-block-themeisle-blocks-advanced-columns-f9bff4a8\" class=\"wp-block-themeisle-blocks-advanced-columns alignfull has-2-columns has-desktop-equal-layout has-tablet-equal-layout has-mobile-collapsedRows-layout has-vertical-center has-light-bg\"><div class=\"wp-block-themeisle-blocks-advanced-columns-overlay\"><\/div><div class=\"innerblocks-wrap\">\n<div id=\"wp-block-themeisle-blocks-advanced-column-e660e5a5\" class=\"wp-block-themeisle-blocks-advanced-column\">\n<h4 id=\"wp-block-themeisle-blocks-advanced-heading-6fc9632f\" class=\"wp-block-themeisle-blocks-advanced-heading wp-block-themeisle-blocks-advanced-heading-6fc9632f\"><strong>Wie Sie Mitglied werden k\u00f6nnen<\/strong><\/h4>\n\n\n\n<p>Ein Antragsformular f\u00fcr die Mitgliedschaft ist beim Verein erh\u00e4ltlich. Der Mitgliedsbeitrag betr\u00e4gt zur Zeit mindestens 30 Euro f\u00fcr ein Kalenderjahr.<\/p>\n\n\n\n<p>Oder Sie laden es auf folgender Seite herunter <a href=\"https:\/\/www.fvg-reinheim.de\/?page_id=81\" data-type=\"page\" data-id=\"81\">FVG Mitgliedsantrag<\/a>.<\/p>\n\n\n\n<h4 id=\"wp-block-themeisle-blocks-advanced-heading-7ba407a2\" class=\"wp-block-themeisle-blocks-advanced-heading wp-block-themeisle-blocks-advanced-heading-7ba407a2\"><strong>Wie Sie uns unterst\u00fctzen k\u00f6nnen<\/strong><\/h4>\n\n\n\n<p class=\"western\">Der Verein finanziert sich aus Mitglieds- und F\u00f6rderbeitr\u00e4gen, Spenden und nat\u00fcrlich ehrenamtlicher T\u00e4tigkeit.<\/p>\n\n\n\n<p class=\"western\">Als eingetragener Verein k\u00f6nnen wir steuerabzugsf\u00e4hige Spendenquittungen ausstellen.<\/p>\n<\/div>\n\n\n\n<div id=\"wp-block-themeisle-blocks-advanced-column-5e8bf099\" class=\"wp-block-themeisle-blocks-advanced-column\">\n<figure class=\"wp-block-image size-large\"><img loading=\"lazy\" decoding=\"async\" width=\"1024\" height=\"645\" src=\"https:\/\/www.fvg-reinheim.de\/wp-content\/uploads\/2021\/03\/9-Versuchswagen-1024x645.jpg\" alt=\"Versuchswagen\" class=\"wp-image-173\" srcset=\"https:\/\/www.fvg-reinheim.de\/wp-content\/uploads\/2021\/03\/9-Versuchswagen-1024x645.jpg 1024w, https:\/\/www.fvg-reinheim.de\/wp-content\/uploads\/2021\/03\/9-Versuchswagen-300x189.jpg 300w, https:\/\/www.fvg-reinheim.de\/wp-content\/uploads\/2021\/03\/9-Versuchswagen-768x484.jpg 768w, https:\/\/www.fvg-reinheim.de\/wp-content\/uploads\/2021\/03\/9-Versuchswagen.jpg 1288w\" sizes=\"auto, (max-width: 1024px) 100vw, 1024px\" \/><\/figure>\n<\/div>\n<\/div><\/section>\n\n\n\n<section id=\"wp-block-themeisle-blocks-advanced-columns-b797e702\" class=\"wp-block-themeisle-blocks-advanced-columns alignfull has-2-columns has-desktop-equal-layout has-tablet-equal-layout has-mobile-collapsedRows-layout has-vertical-center\"><div class=\"wp-block-themeisle-blocks-advanced-columns-overlay\"><\/div><div class=\"innerblocks-wrap\">\n<div id=\"wp-block-themeisle-blocks-advanced-column-ae88d05d\" class=\"wp-block-themeisle-blocks-advanced-column\">\n<figure class=\"wp-block-image size-large\"><img loading=\"lazy\" decoding=\"async\" width=\"1024\" height=\"679\" src=\"https:\/\/www.fvg-reinheim.de\/wp-content\/uploads\/2021\/03\/IMG_2343b-1024x679.jpg\" alt=\"Historische Archiv B\u00fccher\" class=\"wp-image-169\" srcset=\"https:\/\/www.fvg-reinheim.de\/wp-content\/uploads\/2021\/03\/IMG_2343b-1024x679.jpg 1024w, https:\/\/www.fvg-reinheim.de\/wp-content\/uploads\/2021\/03\/IMG_2343b-300x199.jpg 300w, https:\/\/www.fvg-reinheim.de\/wp-content\/uploads\/2021\/03\/IMG_2343b-768x509.jpg 768w, https:\/\/www.fvg-reinheim.de\/wp-content\/uploads\/2021\/03\/IMG_2343b.jpg 1254w\" sizes=\"auto, (max-width: 1024px) 100vw, 1024px\" \/><\/figure>\n<\/div>\n\n\n\n<div id=\"wp-block-themeisle-blocks-advanced-column-e3564633\" class=\"wp-block-themeisle-blocks-advanced-column\">\n<h4 id=\"wp-block-themeisle-blocks-advanced-heading-e5e8d249\" class=\"wp-block-themeisle-blocks-advanced-heading wp-block-themeisle-blocks-advanced-heading-e5e8d249\"><strong>Wie und wann Sie uns erreichen<\/strong><\/h4>\n\n\n\n<div style=\"height:20px\" aria-hidden=\"true\" class=\"wp-block-spacer\"><\/div>\n\n\n\n<p id=\"block-f52b66a9-fa62-4939-b107-38f78ff0c8ee\">Das Archiv befindet sich in der Darmst\u00e4dter Stra\u00dfe 13 in 64354 Reinheim.<\/p>\n\n\n\n<p id=\"block-ae103e8c-ab8b-4bfb-8cc9-43c19385ff59\">Die Anreise ist stilecht mit der Eisenbahn, aber auch mit Bus, Auto, Fahrrad und zu Fu\u00df m\u00f6glich:<\/p>\n\n\n\n<p id=\"block-ece2f94c-556c-417a-b5a5-fda16659865b\"><strong>Bahn<\/strong>: RE 80, RB 81 und RB 82 bis Bahnhof Reinheim (Odenw) und von dort sind es noch 500 m zu Fu\u00df. <a href=\"http:\/\/www.bahn.de\/\">www.bahn.de<\/a> oder <a href=\"http:\/\/www.rmv.de\/\">www.rmv.de<\/a><\/p>\n\n\n\n<p id=\"block-5b30e353-0000-49d0-912a-3665a5dc795a\"><strong>Bus<\/strong>: RH, 678 und 679 (Ziel Reinheim Bahnhof + 500 m Fu\u00dfweg) bzw. NHX, MO2, MO3 und 693 (Ziel Reinheim Sparkasse bzw. Volksbank + 50 m Fu\u00dfweg). <a href=\"http:\/\/www.rmv.de\/\">www.rmv.de<\/a><\/p>\n\n\n\n<p id=\"block-2a287e46-c8e7-42cd-8a28-e4d58831650f\">Auto: Adresse f\u00fcr das Navigationssystem s.o.<\/p>\n\n\n\n<p id=\"block-07eacc8f-da36-4309-a389-7f23a4c3e64a\">Da s\u00e4mtliche Arbeiten im Archiv ehrenamtlich von den Mitgliedern des Vereins erledigt werden, ist das Archiv bis auf weiteres nur nach Anmeldung zu nutzen.<\/p>\n<\/div>\n<\/div><\/section>\n\n\n\n<div id=\"wp-block-themeisle-blocks-advanced-columns-01746f4e\" class=\"wp-block-themeisle-blocks-advanced-columns alignfull has-2-columns has-desktop-equal-layout has-tablet-equal-layout hide-in-mobile has-vertical-unset has-light-bg\"><div class=\"wp-block-themeisle-blocks-advanced-columns-overlay\"><\/div><div class=\"innerblocks-wrap\">\n<div id=\"wp-block-themeisle-blocks-advanced-column-7a4253fe\" class=\"wp-block-themeisle-blocks-advanced-column\">\n<h5 id=\"wp-block-themeisle-blocks-advanced-heading-ba70ffbc\" class=\"wp-block-themeisle-blocks-advanced-heading wp-block-themeisle-blocks-advanced-heading-ba70ffbc\"><strong>F\u00fcr alle Anfragen nutzen Sie bitte folgende Kontaktadresse<\/strong><\/h5>\n\n\n\n<p>Forschungsgemeinschaft f\u00fcr Verkehrsgeschichte e.V.<br>Darmst\u00e4dter Stra\u00dfe 13<br>64354 Reinheim<br>06162\/83424<\/p>\n\n\n\n<p>oder nebenstehendes Kontaktformular.<\/p>\n\n\n\n<figure class=\"wp-block-image size-large\"><img loading=\"lazy\" decoding=\"async\" width=\"1024\" height=\"722\" src=\"https:\/\/www.fvg-reinheim.de\/wp-content\/uploads\/2021\/03\/12-Reinheim-Bf-1024x722.jpg\" alt=\"Bahnhof Reinheim\" class=\"wp-image-183\" srcset=\"https:\/\/www.fvg-reinheim.de\/wp-content\/uploads\/2021\/03\/12-Reinheim-Bf-1024x722.jpg 1024w, https:\/\/www.fvg-reinheim.de\/wp-content\/uploads\/2021\/03\/12-Reinheim-Bf-300x211.jpg 300w, https:\/\/www.fvg-reinheim.de\/wp-content\/uploads\/2021\/03\/12-Reinheim-Bf-768x541.jpg 768w, https:\/\/www.fvg-reinheim.de\/wp-content\/uploads\/2021\/03\/12-Reinheim-Bf.jpg 1250w\" sizes=\"auto, (max-width: 1024px) 100vw, 1024px\" \/><\/figure>\n<\/div>\n\n\n\n<div id=\"wp-block-themeisle-blocks-advanced-column-cb78b83f\" class=\"wp-block-themeisle-blocks-advanced-column\">\n<div class=\"wp-block-contact-form-7-contact-form-selector ticss-ebd90eb7\">\n<div class=\"wpcf7 no-js\" id=\"wpcf7-f77-o1\" lang=\"en-US\" dir=\"ltr\">\n<div class=\"screen-reader-response\"><p role=\"status\" aria-live=\"polite\" aria-atomic=\"true\"><\/p> <ul><\/ul><\/div>\n<form action=\"\/index.php?rest_route=%2Fwp%2Fv2%2Fpages%2F23#wpcf7-f77-o1\" method=\"post\" class=\"wpcf7-form init\" aria-label=\"Contact form\" novalidate=\"novalidate\" data-status=\"init\">\n<div style=\"display: none;\">\n<input type=\"hidden\" name=\"_wpcf7\" value=\"77\" \/>\n<input type=\"hidden\" name=\"_wpcf7_version\" value=\"5.8.5\" \/>\n<input type=\"hidden\" name=\"_wpcf7_locale\" value=\"en_US\" \/>\n<input type=\"hidden\" name=\"_wpcf7_unit_tag\" value=\"wpcf7-f77-o1\" \/>\n<input type=\"hidden\" name=\"_wpcf7_container_post\" value=\"0\" \/>\n<input type=\"hidden\" name=\"_wpcf7_posted_data_hash\" value=\"\" \/>\n<input type=\"hidden\" name=\"_wpcf7_recaptcha_response\" value=\"\" \/>\n<\/div>\n<p><label> Ihr Name<br \/>\n<span class=\"wpcf7-form-control-wrap\" data-name=\"your-name\"><input size=\"40\" class=\"wpcf7-form-control wpcf7-text wpcf7-validates-as-required\" aria-required=\"true\" aria-invalid=\"false\" value=\"\" type=\"text\" name=\"your-name\" \/><\/span> <\/label><br \/>\n<label> Ihre Email Adresse<br \/>\n<span class=\"wpcf7-form-control-wrap\" data-name=\"your-email\"><input size=\"40\" class=\"wpcf7-form-control wpcf7-email wpcf7-validates-as-required wpcf7-text wpcf7-validates-as-email\" aria-required=\"true\" aria-invalid=\"false\" value=\"\" type=\"email\" name=\"your-email\" \/><\/span> <\/label><br \/>\n<label> Betreff<br \/>\n<span class=\"wpcf7-form-control-wrap\" data-name=\"your-subject\"><input size=\"40\" class=\"wpcf7-form-control wpcf7-text wpcf7-validates-as-required\" aria-required=\"true\" aria-invalid=\"false\" value=\"\" type=\"text\" name=\"your-subject\" \/><\/span> <\/label><br \/>\n<label> Ihre Nachricht<br \/>\n<span class=\"wpcf7-form-control-wrap\" data-name=\"your-message\"><textarea cols=\"40\" rows=\"10\" class=\"wpcf7-form-control wpcf7-textarea wpcf7-validates-as-required\" aria-required=\"true\" aria-invalid=\"false\" name=\"your-message\"><\/textarea><\/span> <\/label><br \/>\n<input class=\"wpcf7-form-control wpcf7-submit has-spinner\" type=\"submit\" value=\"Abschicken\" \/>\n<\/p><div class=\"wpcf7-response-output\" aria-hidden=\"true\"><\/div>\n<\/form>\n<\/div>\n<\/div>\n<\/div>\n<\/div><\/div>\n\n\n\n<div id=\"wp-block-themeisle-blocks-advanced-columns-6fcf2c33\" class=\"wp-block-themeisle-blocks-advanced-columns alignfull has-2-columns has-mobile-collapsedRows-layout hide-in-desktop hide-in-tablet has-vertical-unset has-light-bg\"><div class=\"wp-block-themeisle-blocks-advanced-columns-overlay\"><\/div><div class=\"innerblocks-wrap\">\n<div id=\"wp-block-themeisle-blocks-advanced-column-5714e8f3\" class=\"wp-block-themeisle-blocks-advanced-column\">\n<h5 id=\"wp-block-themeisle-blocks-advanced-heading-dd1df69e\" class=\"wp-block-themeisle-blocks-advanced-heading wp-block-themeisle-blocks-advanced-heading-dd1df69e\"><strong>F\u00fcr alle Anfragen nutzen Sie bitte folgende Kontaktm\u00f6glichkeiten<\/strong><\/h5>\n\n\n\n<p>Forschungsgemeinschaft f\u00fcr Verkehrsgeschichte e.V.<br>Darmst\u00e4dter Stra\u00dfe 13<br>64354 Reinheim<br>06162\/83424<br>in&#102;&#111;&#64;&#x66;&#x76;&#x67;&#x2d;&#x72;ei&#110;&#104;&#101;&#x69;&#x6d;&#x2e;&#x64;&#x65;<\/p>\n<\/div>\n\n\n\n<div id=\"wp-block-themeisle-blocks-advanced-column-f762f33c\" class=\"wp-block-themeisle-blocks-advanced-column\">\n<figure class=\"wp-block-image size-large\"><img loading=\"lazy\" decoding=\"async\" width=\"1024\" height=\"722\" src=\"https:\/\/www.fvg-reinheim.de\/wp-content\/uploads\/2021\/03\/12-Reinheim-Bf-1024x722.jpg\" alt=\"Bahnhof Reinheim\" class=\"wp-image-183\" srcset=\"https:\/\/www.fvg-reinheim.de\/wp-content\/uploads\/2021\/03\/12-Reinheim-Bf-1024x722.jpg 1024w, https:\/\/www.fvg-reinheim.de\/wp-content\/uploads\/2021\/03\/12-Reinheim-Bf-300x211.jpg 300w, https:\/\/www.fvg-reinheim.de\/wp-content\/uploads\/2021\/03\/12-Reinheim-Bf-768x541.jpg 768w, https:\/\/www.fvg-reinheim.de\/wp-content\/uploads\/2021\/03\/12-Reinheim-Bf.jpg 1250w\" sizes=\"auto, (max-width: 1024px) 100vw, 1024px\" \/><\/figure>\n<\/div>\n<\/div><\/div>\n<\/div><\/div>\n","protected":false},"excerpt":{"rendered":"<p>Die Idee zur Gr\u00fcndung der Forschungsgemeinschaft f\u00fcr Verkehrsgeschichte entstand im Kreis der Wagenfreunde, einem von Wolfgang Diener (\u2020) initiierten, informellen Zusammenschluss von Eisenbahnfreunden, deren Interessenschwerpunkt bei den Wagen liegt. \u00c4ltere &#8220;Mitglieder&#8221; waren auf der Suche nach einer M\u00f6glichkeit, ihre in vielen Jahren aufgebauten Sammlungen aus Akten, Zeichnungen, Fachliteratur, Fotos und anderen Dokumenten dauerhaft erhalten zu&hellip;&nbsp;<a href=\"https:\/\/www.fvg-reinheim.de\/\" class=\"\" rel=\"bookmark\">Read More &raquo;<span class=\"screen-reader-text\">Forschungsgemeinschaft f\u00fcr Verkehrsgeschichte e.V., Reinheim<\/span><\/a><\/p>\n","protected":false},"author":1,"featured_media":0,"parent":0,"menu_order":0,"comment_status":"closed","ping_status":"closed","template":"","meta":{"neve_meta_sidebar":"full-width","neve_meta_container":"contained","neve_meta_enable_content_width":"on","neve_meta_content_width":100,"neve_meta_title_alignment":"center","neve_meta_author_avatar":"","neve_post_elements_order":"","neve_meta_disable_header":"off","neve_meta_disable_footer":"","neve_meta_disable_title":"on","_themeisle_gutenberg_block_has_review":false,"footnotes":""},"class_list":["post-23","page","type-page","status-publish","hentry"],"_links":{"self":[{"href":"https:\/\/www.fvg-reinheim.de\/index.php?rest_route=\/wp\/v2\/pages\/23","targetHints":{"allow":["GET"]}}],"collection":[{"href":"https:\/\/www.fvg-reinheim.de\/index.php?rest_route=\/wp\/v2\/pages"}],"about":[{"href":"https:\/\/www.fvg-reinheim.de\/index.php?rest_route=\/wp\/v2\/types\/page"}],"author":[{"embeddable":true,"href":"https:\/\/www.fvg-reinheim.de\/index.php?rest_route=\/wp\/v2\/users\/1"}],"replies":[{"embeddable":true,"href":"https:\/\/www.fvg-reinheim.de\/index.php?rest_route=%2Fwp%2Fv2%2Fcomments&post=23"}],"version-history":[{"count":63,"href":"https:\/\/www.fvg-reinheim.de\/index.php?rest_route=\/wp\/v2\/pages\/23\/revisions"}],"predecessor-version":[{"id":218,"href":"https:\/\/www.fvg-reinheim.de\/index.php?rest_route=\/wp\/v2\/pages\/23\/revisions\/218"}],"wp:attachment":[{"href":"https:\/\/www.fvg-reinheim.de\/index.php?rest_route=%2Fwp%2Fv2%2Fmedia&parent=23"}],"curies":[{"name":"wp","href":"https:\/\/api.w.org\/{rel}","templated":true}]}}