{"id":88,"date":"2021-03-03T16:42:46","date_gmt":"2021-03-03T16:42:46","guid":{"rendered":"https:\/\/www.fvg-reinheim.de\/?page_id=88"},"modified":"2021-04-08T07:06:05","modified_gmt":"2021-04-08T07:06:05","slug":"impressum","status":"publish","type":"page","link":"https:\/\/www.fvg-reinheim.de\/?page_id=88","title":{"rendered":"Impressum"},"content":{"rendered":"\n<div class=\"wp-block-themeisle-blocks-advanced-columns alignfull has-2-columns has-desktop-equal-layout has-tablet-equal-layout has-mobile-collapsedRows-layout has-extended-gap has-vertical-unset\" id=\"wp-block-themeisle-blocks-advanced-columns-12fa63d7\"><div class=\"wp-block-themeisle-blocks-advanced-columns-overlay\"><\/div><div class=\"innerblocks-wrap\">\n<div class=\"wp-block-themeisle-blocks-advanced-column\" id=\"wp-block-themeisle-blocks-advanced-column-34666367\">\n<p><strong><strong>Angaben gem\u00e4\u00df \u00a7 5 TMG<\/strong><br><\/strong>Forschungsgemeinschaft f\u00fcr Verkehrsgeschichte e.V.<br>Darmst\u00e4dter Stra\u00dfe 13<br>64354 Reinheim<br>Vereinsregister: VR 3293<br>Registergericht: Darmstadt<strong><strong><br>Vertreten durch:<\/strong><br><\/strong>Frank Naumann (Vorsitzender)<\/p>\n<\/div>\n\n\n\n<div class=\"wp-block-themeisle-blocks-advanced-column\" id=\"wp-block-themeisle-blocks-advanced-column-15cc37e1\">\n<p><strong>Kontakt<\/strong><br>E-Mail: &#x77;&#101;b&#x6d;&#97;&#115;&#x74;&#x65;&#114;&#64;&#x66;&#118;g&#x2d;&#x72;&#101;i&#x6e;&#104;e&#x69;&#x6d;&#46;d&#x65;<br><strong>Verantwortlich f\u00fcr den Inhalt nach \u00a7 55 Abs. 2 RStV<\/strong><br>Frank Naumann<br>Heinestra\u00dfe 27<br>64354 Reinheim<br><strong>Verbraucherstreitbeilegung \/ Universalschlichtungsstelle<\/strong><br>Wir sind nicht bereit oder verpflichtet, an Streitbeilegungsverfahren vor einer Verbraucherschlichtungsstelle teilzunehmen.<\/p>\n<\/div>\n<\/div><\/div>\n\n\n\n<div class=\"wp-block-columns is-layout-flex wp-container-core-columns-is-layout-9d6595d7 wp-block-columns-is-layout-flex\">\n<div class=\"wp-block-column is-layout-flow wp-block-column-is-layout-flow\">\n<figure class=\"wp-block-image size-large\"><img loading=\"lazy\" decoding=\"async\" width=\"1024\" height=\"622\" src=\"https:\/\/www.fvg-reinheim.de\/wp-content\/uploads\/2021\/03\/8-Sinalco-1024x622.jpg\" alt=\"\" class=\"wp-image-191\" srcset=\"https:\/\/www.fvg-reinheim.de\/wp-content\/uploads\/2021\/03\/8-Sinalco-1024x622.jpg 1024w, https:\/\/www.fvg-reinheim.de\/wp-content\/uploads\/2021\/03\/8-Sinalco-300x182.jpg 300w, https:\/\/www.fvg-reinheim.de\/wp-content\/uploads\/2021\/03\/8-Sinalco-768x467.jpg 768w, https:\/\/www.fvg-reinheim.de\/wp-content\/uploads\/2021\/03\/8-Sinalco.jpg 1331w\" sizes=\"auto, (max-width: 1024px) 100vw, 1024px\" \/><\/figure>\n<\/div>\n\n\n\n<div class=\"wp-block-column is-layout-flow wp-block-column-is-layout-flow\">\n<figure class=\"wp-block-image size-large\"><img loading=\"lazy\" decoding=\"async\" width=\"1024\" height=\"630\" src=\"https:\/\/www.fvg-reinheim.de\/wp-content\/uploads\/2021\/03\/7-E-12-1024x630.jpg\" alt=\"\" class=\"wp-image-189\" srcset=\"https:\/\/www.fvg-reinheim.de\/wp-content\/uploads\/2021\/03\/7-E-12-1024x630.jpg 1024w, https:\/\/www.fvg-reinheim.de\/wp-content\/uploads\/2021\/03\/7-E-12-300x185.jpg 300w, https:\/\/www.fvg-reinheim.de\/wp-content\/uploads\/2021\/03\/7-E-12-768x473.jpg 768w, https:\/\/www.fvg-reinheim.de\/wp-content\/uploads\/2021\/03\/7-E-12.jpg 1350w\" sizes=\"auto, (max-width: 1024px) 100vw, 1024px\" \/><\/figure>\n<\/div>\n<\/div>\n","protected":false},"excerpt":{"rendered":"","protected":false},"author":1,"featured_media":0,"parent":0,"menu_order":0,"comment_status":"closed","ping_status":"closed","template":"","meta":{"neve_meta_sidebar":"full-width","neve_meta_container":"","neve_meta_enable_content_width":"on","neve_meta_content_width":100,"neve_meta_title_alignment":"","neve_meta_author_avatar":"","neve_post_elements_order":"","neve_meta_disable_header":"","neve_meta_disable_footer":"","neve_meta_disable_title":"","_themeisle_gutenberg_block_has_review":false,"footnotes":""},"class_list":["post-88","page","type-page","status-publish","hentry"],"_links":{"self":[{"href":"https:\/\/www.fvg-reinheim.de\/index.php?rest_route=\/wp\/v2\/pages\/88","targetHints":{"allow":["GET"]}}],"collection":[{"href":"https:\/\/www.fvg-reinheim.de\/index.php?rest_route=\/wp\/v2\/pages"}],"about":[{"href":"https:\/\/www.fvg-reinheim.de\/index.php?rest_route=\/wp\/v2\/types\/page"}],"author":[{"embeddable":true,"href":"https:\/\/www.fvg-reinheim.de\/index.php?rest_route=\/wp\/v2\/users\/1"}],"replies":[{"embeddable":true,"href":"https:\/\/www.fvg-reinheim.de\/index.php?rest_route=%2Fwp%2Fv2%2Fcomments&post=88"}],"version-history":[{"count":19,"href":"https:\/\/www.fvg-reinheim.de\/index.php?rest_route=\/wp\/v2\/pages\/88\/revisions"}],"predecessor-version":[{"id":192,"href":"https:\/\/www.fvg-reinheim.de\/index.php?rest_route=\/wp\/v2\/pages\/88\/revisions\/192"}],"wp:attachment":[{"href":"https:\/\/www.fvg-reinheim.de\/index.php?rest_route=%2Fwp%2Fv2%2Fmedia&parent=88"}],"curies":[{"name":"wp","href":"https:\/\/api.w.org\/{rel}","templated":true}]}}